9081 - -1?
-23469080
In base 16, what is -7b8 + 3c6?
-3f2
In base 8, what is 1 + 627523657?
627523660
In base 12, what is -542a0 - 7717?
-5b9b7
In base 6, what is 2 - 2200041422?
-2200041420
In base 14, what is 16321 + 34ab?
197cc
In base 16, what is 167e11 + -3?
167e0e
In base 13, what is -1bb46 - 8b81?
-279c7
In base 9, what is 135106300 + 1?
135106301
In base 9, what is 58 + -815187?
-815128
In base 13, what is -5a242a - 20?
-5a244a
In base 16, what is 2e07 + 8c?
2e93
In base 16, what is -24efb + a73?
-24488
In base 14, what is 7222 - 1a2a?
55d6
In base 2, what is -1000101 - -11010111111110?
11010110111001
In base 9, what is 2667263 - 8?
2667254
In base 5, what is 22220412 - 3?
22220404
In base 3, what is 2 + 10201200111211210?
10201200111211212
In base 13, what is -31 + -498cc?
-49930
In base 10, what is 19 + -4024981?
-4024962
In base 14, what is -1 - -a84833?
a84832
In base 4, what is -211213023011 + -1?
-211213023012
In base 16, what is 4fb3 + 3c5?
5378
In base 6, what is -13422 - 140401?
-154223
In base 10, what is -1348 - -69?
-1279
In base 11, what is 3527559 - -14?
3527572
In base 7, what is -2 - -11102062?
11102060
In base 11, what is 683 + -263a5?
-25822
In base 9, what is -141 - -11425083?
11424842
In base 5, what is 2011 + 1312311?
1314322
In base 7, what is -4406 - 10525?
-15234
In base 11, what is -1686 + 19305a?
191484
In base 10, what is -1065 + -825?
-1890
In base 3, what is -10120210212201111101 + -11?
-10120210212201111112
In base 7, what is -323350 - 22?
-323402
In base 9, what is 667307 - -571?
667878
In base 9, what is 467463 - 31?
467432
In base 14, what is -11 - -3db00?
3dacd
In base 12, what is 2a8 - 38569a?
-3853b2
In base 4, what is 10 - 13320303120?
-13320303110
In base 3, what is 12221211 - 22021102000?
-22001110012
In base 14, what is 3 - 3ba95?
-3ba92
In base 12, what is -4 - -1293a009?
1293a005
In base 13, what is 3c67b - -2?
3c680
In base 4, what is -1 + 21220102101?
21220102100
In base 8, what is -3 + 34045000?
34044775
In base 8, what is -1 - 35010341?
-35010342
In base 12, what is -292b + 70682?
69953
In base 9, what is -11074260 - -8?
-11074251
In base 6, what is 1040 - 3201350?
-3200310
In base 5, what is 210334 - -132222?
343111
In base 6, what is -52 - 105425403?
-105425455
In base 11, what is 0 - 13012159?
-13012159
In base 15, what is -e7 + 25a65?
2596d
In base 2, what is -1100010101000101001100001 + -101?
-1100010101000101001100110
In base 9, what is -64 + 64861?
64786
In base 9, what is 165 + 1180311?
1180476
In base 11, what is 209638230 - -5?
209638235
In base 13, what is 56cb5 + -1057?
55c5b
In base 3, what is 20120100111102 - 11?
20120100111021
In base 16, what is -6070b + 2f?
-606dc
In base 4, what is 12323211 - 13311?
12303300
In base 3, what is 2 - 1122102011110?
-1122102011101
In base 16, what is 3e6 - fed?
-c07
In base 2, what is -111010000110110 + 101011101101110?
-1110011001000
In base 2, what is 100 + -1001011000110010000110?
-1001011000110010000010
In base 6, what is -103113 + 344414?
241301
In base 10, what is -3498099 + 0?
-3498099
In base 11, what is 48a - 155a?
-1080
In base 11, what is 22 + -11514?
-114a2
In base 13, what is -304 + -6c340?
-6c644
In base 13, what is 18a4 - -327a?
4b51
In base 9, what is 677 - 5812075?
-5811287
In base 16, what is -84d + 24d4?
1c87
In base 5, what is 204430123242 - -14?
204430123311
In base 4, what is -3131311202 - -1223?
-3131303313
In base 7, what is -133524 + -326?
-134153
In base 6, what is 13031 - -223351?
240422
In base 16, what is b + 28bb3c?
28bb47
In base 12, what is -224 + 50584?
50360
In base 7, what is -645436 + 103?
-645333
In base 11, what is 54 + -10546?
-104a2
In base 15, what is -4c8787 + -73?
-4c880a
In base 4, what is -11 + 1313111111?
1313111100
In base 9, what is -2 + -66538257?
-66538260
In base 14, what is -7bb + -2c28c?
-2ca69
In base 15, what is bd3a46 - 4?
bd3a42
In base 9, what is 14762485 - -4?
14762500
In base 10, what is -33641 + -113?
-33754
In base 9, what is -78347 - 330?
-78677
In base 12, what is 4 + -a3954618?
-a3954614
In base 7, what is 636 - 1023?
-54
In base 10, what is 171024 + -4276?
166748
In base 8, what is 2323355 - -12?
2323367
In base 13, what is -4 - -307a3947?
307a3943
In base 8, what is -60 - -57556?
57476
In base 16, what is -ed - -206d?
1f80
In base 5, what is -23 - 42300132?
-42300210
In base 5, what is 41330042 + -2?
41330040
In base 11, what is 5 - -70204906?
70204910
In base 12, what is 42 - -36b269?
36b2ab
In base 6, what is 1230101 - -3510?
1234011
In base 4, what is -1130302 - 1001232?
-2132200
In base 8, what is -31234 + -1132?
-32366
In base 16, what is f + -4311cb?
-4311bc
In base 7, what is 10 + -12302435?
-12302425
In base 4, what is 13012232121 + -2?
13012232113
In base 9, what is 4 + 36033807?
36033812
In base 8, what is 1515644 + -1602?
1514042
In base 7, what is 2243430 - 530?
2242600
In base 11, what is -142089 + 56?
-142033
In base 2, what is 1010011011110101 - -110110011010?
1011010010001111
In base 13, what is 2126 - -1ab?
2304
In base 4, what is -1031320 - 101302?
-1133222
In base 14, what is 0 - -330439?
330439
In base 7, what is -112401 - 131120?
-243521
In base 16, what is 2 - -ab11bb8?
ab11bba
In base 11, what is -31 + -5a90674?
-5a906a5
In base 8, what is -142250 - -506?
-141542
In base 7, what is 22 + 2064056?
2064111
In base 3, what is -2 - 12100120222122110?
-12100120222122112
In base 11, what is 21753 - 1583?
20180
In base 10, what is -176 + -195907?
-196083
In base 16, what is -5f34f + 14?
-5f33b
In base 14, what is 23c + -7aac3?
-7a885
In base 6, what is 52511 - 10503?
42004
In base 10, what is -304978 - 959?
-305937
In base 6, what is -340433 + -4000?
-344433
In base 3, what is 1020 - -10020111211211?
10020111220001
In base 11, what is -1894a + -51?
-189a0
In base 7, what is -2451504415 - -4?
-2451504411
In base 12, what is a0 + -12b3685?
-12b35a5
In base 7, what is -435000424 - -20?
-435000404
In base 2, what is 1000010111010000101011 + -1001101100?
1000010111000110111111
In base 13, what is -1819 - -29514?
279c8
In base 7, what is 1330301311 - -3?
1330301314
In base 2, what is 10101001110100001011010 - 1100?
10101001110100001001110
In base 5, what is 2120413 + -3130?
2112233
In base 3, what is 10 - 2002200010202111?
-2002200010202101
In base 7, what is 2040 + 5310540?
5312610
In base 9, what is -1587248 - -71?
-1587167
In base 5, what is -132423 + -30?
-133003
In base 15, what is -380 + -706?
-a86
In base 2, what is -10000101010 - -10001110010000001001?
10001101111111011111
In base 16, what is -114a473b + 3?
-114a4738
In base 11, what is 1141 - -79161?
7a2a2
In base 14, what is -4 - -56c803?
56c7dd
In base 10, what is 106268 - 1403?
104865
In base 12, what is -176aa - -922a?
-a480
In base 11, what is -17701a3 - -62?
-1770141
In base 11, what is 15 - 364499?
-364484
In base 10, what is -18 + -1890611?
-1890629
In base 11, what is -32286 - 3a8?
-32683
In base 8, what is 167 - 75251?
-75062
In base 7, what is -22311 - 1444?
-24055
In base 3, what is 22 - -1110110112220121?
1110110112220220
In base 8, what is -1 - 15162636?
-15162637
In base 2, what is 11 + 11111010001110010001?
11111010001110010100
In base 13, what is 27aab6ca - 4?
27aab6c6
In base 2, what is -100101010001001010001100 - -10010?
-100101010001001001111010
In base 10, what is -134847 + 2811?
-132036
In base 13, what is -2b0a + 97?
-2a43
In base 16, what is 64002 + -27?
63fdb
In base 14, what is -1406 + -4692?
-5a98
In base 13, what is -2132 + -2a60?
-4b92
In base 6, what is 154223 + -11?
154212
In base 9, what is -441 + 828626?
828175
In base 7, what is -116655 + -1431?
-121416
In base 7, what is -50234 + -61116?
-141353
In base 12, what is 54771869 + 3?
54771870
In base 9, what is -122 + -405558?
-405681
In base 5, what is 41434 - -31043?
123032
In base 10, what is 2104655 - -4?
2104659
In base 11, what is 4 + 59931a4a?
59931a53
In base 4, what is 10302 - 1311133?
-1300231
In base 6, what is 110 - -3414101?
3414211
In base 9, what is -415726 - -1701?
-414025
In base 13, what is 2063c - 844?
1cac8
In base 4, what is 33 - 1310132333?
-1310132300
In base 13, what is -114841 + -5?
-114846
In base 10, what is -37250 + 1314?
-35936
In base 10, what is 228 + -33752?
-33524
In base 3, what is 1220001211